{"id":725,"date":"2023-04-28T17:47:09","date_gmt":"2023-04-28T14:47:09","guid":{"rendered":"https:\/\/www.rehaweb.net\/hizmetler\/?page_id=725"},"modified":"2023-04-28T18:12:10","modified_gmt":"2023-04-28T15:12:10","slug":"online-odeme","status":"publish","type":"page","link":"https:\/\/www.rehaweb.net\/hizmetler\/online-odeme\/","title":{"rendered":"Online \u00d6deme"},"content":{"rendered":"\n<div class=\"wdgk_donation_content\"><h3><\/h3><div class=\"wdgk_display_option\"> <span>&#8378;<\/span><input type=\"text\" name=\"donation-price\" class=\"wdgk_donation\" placeholder=\"\u00d6deme Tutar\u0131 girin... \u00d6rnek.1000\" value=\"\" ><\/div><a href=\"javascript:void(0)\" class=\"button wdgk_add_donation\" data-product-id=\"723\" data-product-url=\"https:\/\/www.rehaweb.net\/hizmetler\/odeme-listesi\/\">\u00d6deme<\/a><input type=\"hidden\" name=\"wdgk_product_id\" value=\"\" class=\"wdgk_product_id\"><input type=\"hidden\" name=\"wdgk_ajax_url\" value=\"https:\/\/www.rehaweb.net\/hizmetler\/wp-admin\/admin-ajax.php\" class=\"wdgk_ajax_url\"><img decoding=\"async\" src=\"https:\/\/www.rehaweb.net\/hizmetler\/wp-content\/plugins\/woo-donations\/assets\/images\/ajax-loader.gif\" class=\"wdgk_loader wdgk_loader_img\"><div class=\"wdgk_error_front\"><\/div><\/div>\n","protected":false},"excerpt":{"rendered":"","protected":false},"author":1,"featured_media":0,"parent":0,"menu_order":0,"comment_status":"closed","ping_status":"closed","template":"","meta":{"footnotes":""},"_links":{"self":[{"href":"https:\/\/www.rehaweb.net\/hizmetler\/wp-json\/wp\/v2\/pages\/725"}],"collection":[{"href":"https:\/\/www.rehaweb.net\/hizmetler\/wp-json\/wp\/v2\/pages"}],"about":[{"href":"https:\/\/www.rehaweb.net\/hizmetler\/wp-json\/wp\/v2\/types\/page"}],"author":[{"embeddable":true,"href":"https:\/\/www.rehaweb.net\/hizmetler\/wp-json\/wp\/v2\/users\/1"}],"replies":[{"embeddable":true,"href":"https:\/\/www.rehaweb.net\/hizmetler\/wp-json\/wp\/v2\/comments?post=725"}],"version-history":[{"count":6,"href":"https:\/\/www.rehaweb.net\/hizmetler\/wp-json\/wp\/v2\/pages\/725\/revisions"}],"predecessor-version":[{"id":734,"href":"https:\/\/www.rehaweb.net\/hizmetler\/wp-json\/wp\/v2\/pages\/725\/revisions\/734"}],"wp:attachment":[{"href":"https:\/\/www.rehaweb.net\/hizmetler\/wp-json\/wp\/v2\/media?parent=725"}],"curies":[{"name":"wp","href":"https:\/\/api.w.org\/{rel}","templated":true}]}}